c = -t*c - 200. Let o = -14 - c. What is the highest common divisor of 117 and o?
13
Let a be (4/(6/3))/(72/864). What is the highest common factor of 228 and a?
12
Let x be 29560/44 + 2/11. Let w be 8/16 - (-3)/(6/17). Suppose -w*f + x = -3*f. What is the highest common factor of 16 and f?
16
Suppose 43 = 5*k - 2*z + 1, 36 = 4*k - z. Let r = 2 + 3. Suppose 73 - 373 = -r*b. Calculate the greatest common factor of k and b.
10
Let i(p) = 2*p**3 - 8*p**2 + 11*p + 9. Let j be i(6). Suppose 222*g - j*g - 1734 = 0. Calculate the highest common factor of 34 and g.
34
Let y(g) be the first derivative of -2*g**2 - 29*g - 11. Let d be y(-9). Suppose -1050 = -13*z + d*z. What is the highest common divisor of 25 and z?
25
Let g(s) = -35*s + 3 - 2*s - 12 - 50*s. Let c be g(-1). What is the highest common factor of c and 39?
39
Let h = 996 - 978. What is the highest common divisor of h and 153?
9
Let k be (50098/2031)/((-1)/(-63)). Calculate the greatest common factor of 546 and k.
42
Let j(w) = 4*w**2 + 122*w - 1129. Let q be j(8). What is the greatest common divisor of q and 7?
1
Suppose -w + 53 = h + h, 4*w = 5*h - 165. What is the highest common divisor of 1972 and h?
29
Let f(b) = b**3 + 7*b**2 + 6*b + 1. Let h = 28 + -6. Suppose h - 4 = -5*s - p, s + 5*p = 6. Let d be f(s). Calculate the greatest common factor of d and 5.
5
Let f = -9456 - -10928. Calculate the greatest common factor of 48 and f.
16
Let h(y) = -y**2 - 10*y - 16. Let m be h(-5). Let a(z) = z**3 - 12*z**2 + 31*z - 22. Let u be a(m). What is the greatest common divisor of 56 and u?
14
Suppose -16*l - 6752 = 20848. Let z = -925 - l. Calculate the highest common factor of 32 and z.
32
Let q = 298 - 56. Let d = 370 - q. Calculate the highest common divisor of d and 8.
8
Suppose 4*i - s = 78, -5*s - 12 = -2*i + 18. Let o(r) = -772*r + 6177. Let d be o(8). Calculate the highest common factor of d and i.
1
Let k be ((-510)/(-119))/((-16)/42 - (-16)/24). What is the highest common factor of k and 915?
15
Let i be (145 - 9)/(2 - 12/9). Suppose 21*j - 48 = i. Calculate the highest common divisor of 204 and j.
12
Let v be (-1 - 1)*(28 - 38). Let i = -19 + 19. Suppose i = -x + 39 + 101. What is the greatest common divisor of x and v?
20
Let n be (624 - 1) + -6*2/(-4). Suppose 4*t + 5*r - 1274 = 0, -3*r = t - 3*t + n. Suppose t = 7*d - 188. What is the highest common divisor of 8 and d?
8
Let p be (-321)/(-2) + (-3)/(-6). Let g(q) = 328*q + 991. Let l be g(-3). Calculate the greatest common factor of l and p.
7
Let c(j) = -13*j + 2224. Let k be c(73). What is the greatest common factor of k and 408?
51
Suppose -m - 48 = -2*m + 4*r, -3*m - 2*r + 144 = 0. Suppose -24*x = -20*x - 16. Suppose -x*h = -277 - 203. What is the highest common divisor of m and h?
24
Suppose 17 + 13 = 3*s. Suppose 2 = v + 3*o, -3*v + o + 28 = -o. Calculate the greatest common factor of s and v.
2
Suppose 0 = -4*h - 12, 5*x + 0*h = -3*h + 96. Let r be (x - -348) + (-4 - 1). Calculate the greatest common divisor of r and 52.
52
Let n be (-957*6036/(-126) - -9) + 24/21. What is the greatest common divisor of 45 and n?
45
Let d be 74*(5 + 45/(-10)). Calculate the greatest common divisor of d and 2627.
37
Suppose 7*j - 4 - 94 = 0. Let h = -625 + 631. What is the highest common divisor of j and h?
2
Let z be (9 + -9)/((-2)/(-2)). Suppose z = -4*t + 2*t + 80. Suppose 3*d - 6 = 0, 2*u - 4*d - t = 4. What is the highest common factor of 182 and u?
26
Suppose -10 + 180 = 5*n + 5*i, -4*n = -4*i - 144. Let s(h) = -2*h + 36*h**2 + h - n*h**2 - 10. Let x be s(-6). Calculate the highest common divisor of 4 and x.
4
Suppose -13*b + 10*b - 66 = -2*f, -4*b = f - 55. Calculate the greatest common divisor of 2067 and f.
39
Let c = 79 - 20. Suppose 0 = -126*h + 790 + 92. Suppose -3*i - q + c = 0, 3*q - 8*q + h = -i. Calculate the greatest common factor of 45 and i.
9
Suppose -2*o = 4*p - 18, -4*p = -o - 0*p + 3. Suppose 0 = 8*y - o - 25. Let n(q) = 5*q + 6. Let w be n(2). What is the greatest common divisor of w and y?
4
Let s be (0/2 + 3)/((-18)/(-132)). Suppose -s*m + 12 = -21*m. Let y be 266/11 + m/(-66). Calculate the greatest common divisor of y and 264.
24
Suppose -5*n = 4*q - 2247, 3*n - 137*q = -133*q + 1393. What is the highest common divisor of n and 2015?
65
Let n be (5 + -5)/((-11)/((-66)/12)). Let a be 0 - (-55 - (0/(-2) + n)). Calculate the highest common divisor of a and 22.
11
Let c(i) = 114*i**2 - 2*i + 1. Let k be c(1). Suppose 16*u - 614 = 618. Let s = k - u. Calculate the greatest common divisor of 96 and s.
12
Let r be -114 + 117 - ((-4)/(-6) + (-290)/30). Calculate the greatest common factor of r and 45516.
12
Let u = 5051 - 4942. Let j = -148 - -87. Let h = u + j. What is the highest common divisor of 24 and h?
24
Let c be (-8)/32 - 149/(-4). Let i be (1 + 0)/((-12)/(-888)). Calculate the greatest common divisor of c and i.
37
Suppose -2*a + 56 = -4*a. Let m = 33 + a. Let f(k) = -4*k + 4. Let o be f(-9). Calculate the greatest common factor of m and o.
5
Let h = 8548 - 1325. What is the greatest common factor of h and 93?
31
Suppose -5*k + 421 + 60 = 4*n, -2*n + 2*k = -236. Calculate the highest common factor of 203 and n.
7
Let f(m) = m**3 + 9*m**2 - 330*m + 13. Let z be f(-23). What is the greatest common divisor of 6304 and z?
197
Let z(n) = -3*n**3 - 33*n**2 + 41*n - 73. Let y be z(-16). Calculate the highest common factor of y and 969.
51
Suppose 11227 = -43*o + 13721. What is the highest common divisor of 18821 and o?
29
Let t(q) = q**3 + 23*q**2 + 11*q - 453. Let b be t(-21). What is the greatest common divisor of b and 72?
18
Let j be ((-248)/20 - -10 - -4)*110/4. What is the greatest common divisor of 4301 and j?
11
Let q = 589 + 133. Suppose 52 = -718*l + q*l. Calculate the highest common factor of l and 13.
13
Let g(w) = -26*w - 7. Let p be g(-5). Suppose 55 + 165 = 5*a - 2*d, 0 = 3*a - 3*d - p. Calculate the highest common divisor of a and 621.
23
Let v be 33 + 1 + 2 + 0. Suppose -494 = -8*l + 12794. Let n = l + -1616. What is the highest common divisor of v and n?
9
Let k(z) = 2*z**3 + 21*z**2 - 43*z - 66. Let u be k(-12). Calculate the greatest common divisor of 46 and u.
2
Let x(y) = y**2 - 6*y + 178. Let v be x(0). Suppose v + 26 = 12*r. Let w be 4/14 - (-474)/7. What is the highest common divisor of w and r?
17
Suppose -23*u - 86*u = 170*u - 164052. What is the highest common divisor of 14308 and u?
196
Suppose 5*n = 2*x - 666, -4*x + 2*n + 660 = -2*x. Calculate the highest common divisor of 784 and x.
8
Let v = 6630 - 6475. What is the greatest common factor of 11160 and v?
155
Let l be (21/(-15) - 637/(-35))/((-6)/(-15)). What is the highest common divisor of l and 6237?
21
Suppose -4*c = 314*c - 48972. What is the highest common factor of c and 19712?
154
Let n(s) = s**3 - 13*s**2 + 10*s - 24. Let g be n(11). Let l = g - -203. Calculate the greatest common divisor of 329 and l.
47
Let r = 11351 - 11179. Calculate the greatest common factor of 148 and r.
4
Suppose -6*m + 22*m = -65*m + 567. Calculate the highest common divisor of 448 and m.
7
Let t(j) = 7*j + 330. Let m(i) = -2*i - 110. Let o(f) = 17*m(f) + 6*t(f). Let l be o(-6). What is the greatest common factor of l and 31?
31
Let l be (24/9)/((-2)/(-3)). Suppose 51 = l*w - 13. Let r be (w - -2)/(45/12 + -3). Calculate the greatest common factor of r and 168.
24
Suppose 212*p + 21 = 213*p - 5*b, -5*p + 105 = -3*b. Let o be (270 + -1 - -2) + 2. Calculate the greatest common factor of o and p.
21
Let q(a) = -a**3 - 9*a**2 - 7*a - 10. Let p be q(-9). Let z = p - 56. Let m = z + 16. What is the greatest common factor of 91 and m?
13
Let c be 16*(91/44 - 24/(-132)). Calculate the highest common factor of 2964 and c.
12
Suppose 5*u + y - 140 - 213 = 0, 3*u = y + 207. Calculate the greatest common divisor of 4130 and u.
70
Suppose 4*i = -4*s + 20 + 8, -i - 2*s + 4 = 0. Suppose -2*z - 4*h = -140, i*h - 334 = -5*z + 8*h. Calculate the highest common divisor of 462 and z.
66
Suppose 3*v = -89*v + 48432 + 63992. Calculate the greatest common divisor of 1326 and v.
26
Let v be (21 - 1369/74)*4/2. Calculate the greatest common divisor of v and 15915.
5
Let i be (-1450)/32625 - (-2974)/90. Let p(a) = -a**3 + 9*a**2 - 7*a + 1. Let v be p(5). Calculate the highes